{"id":132,"date":"2021-03-30T15:08:28","date_gmt":"2021-03-30T15:08:28","guid":{"rendered":"https:\/\/nielsgrobler.de\/?page_id=132"},"modified":"2021-03-31T20:02:49","modified_gmt":"2021-03-31T20:02:49","slug":"energieausweis","status":"publish","type":"page","link":"https:\/\/nielsgrobler.de\/index.php\/kostenloser-ratgeber-immobilienwissen\/energieausweis\/","title":{"rendered":"Energieausweis"},"content":{"rendered":"<p><img loading=\"lazy\" decoding=\"async\" class=\"alignnone wp-image-102\" src=\"https:\/\/nielsgrobler.de\/wp-content\/uploads\/2021\/03\/Energieausweis_bearbeitet-300x162.jpg\" alt=\"\" width=\"2017\" height=\"1089\" srcset=\"https:\/\/nielsgrobler.de\/wp-content\/uploads\/2021\/03\/Energieausweis_bearbeitet-300x162.jpg 300w, https:\/\/nielsgrobler.de\/wp-content\/uploads\/2021\/03\/Energieausweis_bearbeitet.jpg 644w\" sizes=\"(max-width: 2017px) 100vw, 2017px\" \/><\/p>\n<p>Der Energieausweis ist ein &#8222;Must-Have&#8220;, denn er ist Pflicht &#8211; nach <a href=\"https:\/\/nielsgrobler.de\/index.php\/geg-enev-eneg-und-eewaermeg\/\">GEG<\/a> &#8211; bei einem Verkauf, Verpachtung oder einer (neu-)Vermietung. Der Ausweis <em>hilft<\/em>, die k\u00fcnftigen Energiekosten abzusch\u00e4tzen. \u00a0Eigent\u00fcmer oder Makler m\u00fcssen Kauf- oder Mietinteressenten den Energieausweis sp\u00e4testens zum Besichtigungstermin unaufgefordert zeigen. Bestandsmieter haben dagegen kein Recht darauf, den Ausweis zu sehen.[1]<\/p>\n<h5>Sinn und Zweck<\/h5>\n<p>Der Energieausweis erm\u00f6glicht Mietern und K\u00e4ufern einen Einblick in die energetische Qualit\u00e4t eines Geb\u00e4udes. Je h\u00f6her die Effizienzklasse ausf\u00e4llt, desto schlechter ist der energetische Zustand des Geb\u00e4udes. Die Skala reicht von A+ bis H. Ein Energieausweis will aber richtig gelesen werden. So gehen zum Beispiel die Klassen A und B \u2013 je nach Geb\u00e4udetyp \u2013 \u00fcber den Neubaustandard hinaus und Klasse C &#8211; stellt den durchschnittlichen Zustand von Bestandswohnimmobilien dar. [2]<\/p>\n<p><img loading=\"lazy\" decoding=\"async\" class=\"wp-image-148 aligncenter\" src=\"https:\/\/nielsgrobler.de\/wp-content\/uploads\/2021\/03\/vergleichswerte_endenergie_01-300x161.jpg\" alt=\"\" width=\"501\" height=\"269\" srcset=\"https:\/\/nielsgrobler.de\/wp-content\/uploads\/2021\/03\/vergleichswerte_endenergie_01-300x161.jpg 300w, https:\/\/nielsgrobler.de\/wp-content\/uploads\/2021\/03\/vergleichswerte_endenergie_01-1024x548.jpg 1024w, https:\/\/nielsgrobler.de\/wp-content\/uploads\/2021\/03\/vergleichswerte_endenergie_01-768x411.jpg 768w, https:\/\/nielsgrobler.de\/wp-content\/uploads\/2021\/03\/vergleichswerte_endenergie_01.jpg 1100w\" sizes=\"(max-width: 501px) 100vw, 501px\" \/>In der Vergangenheit habe ich immer wieder erlebt, wie sich Kaufinteressenten durch Energieausweise haben verunsichern lassen. Zu sehr sind hier die Elektroger\u00e4te im Hinterkopf. Ein guter Immobilienvermittler kann hier durch Erkl\u00e4rungen Sicherheit geben.<\/p>\n<h5>Keine Prognose f\u00fcr k\u00fcnftige Heizkosten<\/h5>\n<p>Der Energieausweis liefert aber keine genaue Prognose f\u00fcr k\u00fcnftige Heizkosten. Mieter und K\u00e4ufer d\u00fcrfen die Aussagekraft des Energieausweises deshalb nicht \u00fcbersch\u00e4tzen. Denn in den meisten F\u00e4llen bezieht sich der Ausweis auf ganze Geb\u00e4ude, nicht einzelne Wohnungen. Doch die Lage einer Wohnung innerhalb des Geb\u00e4udes spielt eine erhebliche Rolle f\u00fcr den Energieverbrauch. Dar\u00fcber hinaus ist das pers\u00f6nliche Verhalten, zum Beispiel die gew\u00fcnschte Raumtemperatur und das L\u00fcftungsverhalten, ma\u00dfgeblich f\u00fcr anfallende Heizkosten.[4]<\/p>\n<h5>Pflichtangaben<\/h5>\n<p>Im <a href=\"https:\/\/www.buzer.de\/85_GEG.htm\">\u00a7 85 Geb\u00e4udeenergiegesetz (GEG)<\/a> sind die Mindestangaben eines Energieausweises aufgelistet. [2] So m\u00fcssen, Beispielsweise, Effizienzklasse und Energiekennwert bereits in der Immobilienanzeige ver\u00f6ffentlicht werden &#8211; sofern ein Energieausweis vorliegt. Bei alten Ausweisen, die noch keine Effizienzklasse haben, reicht die Ver\u00f6ffentlichung des Energiekennwerts. Ein Energieausweis hat eine G\u00fcltigkeit von 10 Jahren[1]<\/p>\n<hr \/>\n<p><em><strong>Bitte beachten Sie, ein Immobilienratgeber wie dieser kann keine Beratung durch einen Experten ersetzen. Der Ratgeber soll Ihnen nur Orientierung in einem sich st\u00e4ndig ver\u00e4ndernden Markt bieten.<\/strong><\/em><\/p>\n<hr \/>\n<p><strong>Quellen:<\/strong><\/p>\n<ol>\n<li><a href=\"https:\/\/www.verbraucherzentrale.de\/wissen\/energie\/energetische-sanierung\/geg-was-steht-im-neuen-gebaeudeenergiegesetz-13886\">https:\/\/www.verbraucherzentrale.de\/wissen\/energie\/energetische-sanierung\/geg-was-steht-im-neuen-gebaeudeenergiegesetz-13886<\/a><\/li>\n<li><a href=\"https:\/\/www.verbraucherzentrale.de\/wissen\/energie\/energetische-sanierung\/energieausweis-was-sagt-dieser-steckbrief-fuer-wohngebaeude-aus-24074#vergleichen\">https:\/\/www.verbraucherzentrale.de\/wissen\/energie\/energetische-sanierung\/energieausweis-was-sagt-dieser-steckbrief-fuer-wohngebaeude-aus-24074#vergleichen<\/a><\/li>\n<li><a href=\"https:\/\/wirtschaftslexikon.gabler.de\/definition\/energieausweis-52967\">https:\/\/wirtschaftslexikon.gabler.de\/definition\/energieausweis-52967<\/a><\/li>\n<li><a href=\"https:\/\/www.verbraucherservice-bayern.de\/themen\/energie\/energetische-qualitaet-von-gebaeuden\">https:\/\/www.verbraucherservice-bayern.de\/themen\/energie\/energetische-qualitaet-von-gebaeuden<\/a><\/li>\n<\/ol>\n<p>(Letzte Aktualisierung: 30.3.2021 ) Der Artikel dient lediglich der Orientierung und erhebt keinen Anspruch auf Vollst\u00e4ndigkeit.<\/p>\n<p>&nbsp;<\/p>\n<p>&nbsp;<\/p>\n","protected":false},"excerpt":{"rendered":"<p>Der Energieausweis ist ein &#8222;Must-Have&#8220;, denn er ist Pflicht &#8211; nach GEG &#8211; bei einem Verkauf, Verpachtung oder einer (neu-)Vermietung. Der Ausweis hilft, die k\u00fcnftigen Energiekosten abzusch\u00e4tzen. \u00a0Eigent\u00fcmer oder Makler m\u00fcssen Kauf- oder Mietinteressenten den Energieausweis sp\u00e4testens zum Besichtigungstermin unaufgefordert zeigen. Bestandsmieter haben dagegen kein Recht darauf, den Ausweis zu sehen.[1] Sinn und Zweck Der [&hellip;]<\/p>\n","protected":false},"author":1,"featured_media":0,"parent":93,"menu_order":0,"comment_status":"closed","ping_status":"closed","template":"","meta":{"site-sidebar-layout":"default","site-content-layout":"default","ast-site-content-layout":"","site-content-style":"default","site-sidebar-style":"default","ast-global-header-display":"","ast-banner-title-visibility":"","ast-main-header-display":"","ast-hfb-above-header-display":"","ast-hfb-below-header-display":"","ast-hfb-mobile-header-display":"","site-post-title":"","ast-breadcrumbs-content":"","ast-featured-img":"","footer-sml-layout":"","theme-transparent-header-meta":"default","adv-header-id-meta":"","stick-header-meta":"","header-above-stick-meta":"","header-main-stick-meta":"","header-below-stick-meta":"","astra-migrate-meta-layouts":"default","ast-page-background-enabled":"default","ast-page-background-meta":{"desktop":{"background-color":"","background-image":"","background-repeat":"repeat","background-position":"center center","background-size":"auto","background-attachment":"scroll","background-type":"","background-media":"","overlay-type":"","overlay-color":"","overlay-opacity":"","overlay-gradient":""},"tablet":{"background-color":"","background-image":"","background-repeat":"repeat","background-position":"center center","background-size":"auto","background-attachment":"scroll","background-type":"","background-media":"","overlay-type":"","overlay-color":"","overlay-opacity":"","overlay-gradient":""},"mobile":{"background-color":"","background-image":"","background-repeat":"repeat","background-position":"center center","background-size":"auto","background-attachment":"scroll","background-type":"","background-media":"","overlay-type":"","overlay-color":"","overlay-opacity":"","overlay-gradient":""}},"ast-content-background-meta":{"desktop":{"background-color":"var(--ast-global-color-5)","background-image":"","background-repeat":"repeat","background-position":"center center","background-size":"auto","background-attachment":"scroll","background-type":"","background-media":"","overlay-type":"","overlay-color":"","overlay-opacity":"","overlay-gradient":""},"tablet":{"background-color":"var(--ast-global-color-5)","background-image":"","background-repeat":"repeat","background-position":"center center","background-size":"auto","background-attachment":"scroll","background-type":"","background-media":"","overlay-type":"","overlay-color":"","overlay-opacity":"","overlay-gradient":""},"mobile":{"background-color":"var(--ast-global-color-5)","background-image":"","background-repeat":"repeat","background-position":"center center","background-size":"auto","background-attachment":"scroll","background-type":"","background-media":"","overlay-type":"","overlay-color":"","overlay-opacity":"","overlay-gradient":""}},"footnotes":""},"yoast_head":"<!-- This site is optimized with the Yoast SEO plugin v23.0 - https:\/\/yoast.com\/wordpress\/plugins\/seo\/ -->\n<title>GROBLER - Energieausweis - Must-Have f\u00fcr Verkauf und der Vermietung.<\/title>\n<meta name=\"description\" content=\"Der Energieausweis, ein &quot;Must-Have&quot;, er ist - nach GEG - Pflicht. Lesen Sie hier mehr \u00fcber die Energieausweis-Pflicht und Energieausweise.\" \/>\n<meta name=\"robots\" content=\"index, follow, max-snippet:-1, max-image-preview:large, max-video-preview:-1\" \/>\n<link rel=\"canonical\" href=\"https:\/\/nielsgrobler.de\/index.php\/kostenloser-ratgeber-immobilienwissen\/energieausweis\/\" \/>\n<meta property=\"og:locale\" content=\"de_DE\" \/>\n<meta property=\"og:type\" content=\"article\" \/>\n<meta property=\"og:title\" content=\"GROBLER - Energieausweis - Must-Have f\u00fcr Verkauf und der Vermietung.\" \/>\n<meta property=\"og:description\" content=\"Der Energieausweis, ein &quot;Must-Have&quot;, er ist - nach GEG - Pflicht. Lesen Sie hier mehr \u00fcber die Energieausweis-Pflicht und Energieausweise.\" \/>\n<meta property=\"og:url\" content=\"https:\/\/nielsgrobler.de\/index.php\/kostenloser-ratgeber-immobilienwissen\/energieausweis\/\" \/>\n<meta property=\"og:site_name\" content=\"GROBLER\" \/>\n<meta property=\"article:publisher\" content=\"https:\/\/www.facebook.com\/niels.grobler\" \/>\n<meta property=\"article:modified_time\" content=\"2021-03-31T20:02:49+00:00\" \/>\n<meta property=\"og:image\" content=\"https:\/\/nielsgrobler.de\/wp-content\/uploads\/2021\/03\/Energieausweis_bearbeitet-300x162.jpg\" \/>\n<meta name=\"twitter:card\" content=\"summary_large_image\" \/>\n<meta name=\"twitter:label1\" content=\"Gesch\u00e4tzte Lesezeit\" \/>\n\t<meta name=\"twitter:data1\" content=\"2\u00a0Minuten\" \/>\n<script type=\"application\/ld+json\" class=\"yoast-schema-graph\">{\"@context\":\"https:\/\/schema.org\",\"@graph\":[{\"@type\":\"WebPage\",\"@id\":\"https:\/\/nielsgrobler.de\/index.php\/kostenloser-ratgeber-immobilienwissen\/energieausweis\/\",\"url\":\"https:\/\/nielsgrobler.de\/index.php\/kostenloser-ratgeber-immobilienwissen\/energieausweis\/\",\"name\":\"GROBLER - Energieausweis - Must-Have f\u00fcr Verkauf und der Vermietung.\",\"isPartOf\":{\"@id\":\"https:\/\/nielsgrobler.de\/#website\"},\"primaryImageOfPage\":{\"@id\":\"https:\/\/nielsgrobler.de\/index.php\/kostenloser-ratgeber-immobilienwissen\/energieausweis\/#primaryimage\"},\"image\":{\"@id\":\"https:\/\/nielsgrobler.de\/index.php\/kostenloser-ratgeber-immobilienwissen\/energieausweis\/#primaryimage\"},\"thumbnailUrl\":\"https:\/\/nielsgrobler.de\/wp-content\/uploads\/2021\/03\/Energieausweis_bearbeitet-300x162.jpg\",\"datePublished\":\"2021-03-30T15:08:28+00:00\",\"dateModified\":\"2021-03-31T20:02:49+00:00\",\"description\":\"Der Energieausweis, ein \\\"Must-Have\\\", er ist - nach GEG - Pflicht. Lesen Sie hier mehr \u00fcber die Energieausweis-Pflicht und Energieausweise.\",\"breadcrumb\":{\"@id\":\"https:\/\/nielsgrobler.de\/index.php\/kostenloser-ratgeber-immobilienwissen\/energieausweis\/#breadcrumb\"},\"inLanguage\":\"de\",\"potentialAction\":[{\"@type\":\"ReadAction\",\"target\":[\"https:\/\/nielsgrobler.de\/index.php\/kostenloser-ratgeber-immobilienwissen\/energieausweis\/\"]}]},{\"@type\":\"ImageObject\",\"inLanguage\":\"de\",\"@id\":\"https:\/\/nielsgrobler.de\/index.php\/kostenloser-ratgeber-immobilienwissen\/energieausweis\/#primaryimage\",\"url\":\"https:\/\/nielsgrobler.de\/wp-content\/uploads\/2021\/03\/Energieausweis_bearbeitet.jpg\",\"contentUrl\":\"https:\/\/nielsgrobler.de\/wp-content\/uploads\/2021\/03\/Energieausweis_bearbeitet.jpg\",\"width\":644,\"height\":348},{\"@type\":\"BreadcrumbList\",\"@id\":\"https:\/\/nielsgrobler.de\/index.php\/kostenloser-ratgeber-immobilienwissen\/energieausweis\/#breadcrumb\",\"itemListElement\":[{\"@type\":\"ListItem\",\"position\":1,\"name\":\"Startseite\",\"item\":\"https:\/\/nielsgrobler.de\/\"},{\"@type\":\"ListItem\",\"position\":2,\"name\":\"Immobilienratgeber\",\"item\":\"https:\/\/nielsgrobler.de\/index.php\/kostenloser-ratgeber-immobilienwissen\/\"},{\"@type\":\"ListItem\",\"position\":3,\"name\":\"Energieausweis\"}]},{\"@type\":\"WebSite\",\"@id\":\"https:\/\/nielsgrobler.de\/#website\",\"url\":\"https:\/\/nielsgrobler.de\/\",\"name\":\"GROBLER\",\"description\":\"Willkommen auf nielsgrobler.de\",\"publisher\":{\"@id\":\"https:\/\/nielsgrobler.de\/#\/schema\/person\/b5b55f5c6660ed9489d68b1a61e8b5e3\"},\"potentialAction\":[{\"@type\":\"SearchAction\",\"target\":{\"@type\":\"EntryPoint\",\"urlTemplate\":\"https:\/\/nielsgrobler.de\/?s={search_term_string}\"},\"query-input\":\"required name=search_term_string\"}],\"inLanguage\":\"de\"},{\"@type\":[\"Person\",\"Organization\"],\"@id\":\"https:\/\/nielsgrobler.de\/#\/schema\/person\/b5b55f5c6660ed9489d68b1a61e8b5e3\",\"name\":\"Niels Grobler\",\"image\":{\"@type\":\"ImageObject\",\"inLanguage\":\"de\",\"@id\":\"https:\/\/nielsgrobler.de\/#\/schema\/person\/image\/\",\"url\":\"https:\/\/nielsgrobler.de\/wp-content\/uploads\/2021\/03\/niels-grobler-foto.1024x1024-gespiegelt.jpg\",\"contentUrl\":\"https:\/\/nielsgrobler.de\/wp-content\/uploads\/2021\/03\/niels-grobler-foto.1024x1024-gespiegelt.jpg\",\"width\":1024,\"height\":1024,\"caption\":\"Niels Grobler\"},\"logo\":{\"@id\":\"https:\/\/nielsgrobler.de\/#\/schema\/person\/image\/\"},\"description\":\"Mensch, Vater, Ehemann, Immobilienvermittler (IHK) - f\u00fcr die Postbank Immobilien GmbH - unser B\u00fcro befindet sich im Sachsentor 24, 21029 Hamburg-Bergedorf. Ich bin Gebietsleiter f\u00fcr Reinbek und Wentorf.\",\"sameAs\":[\"https:\/\/nielsgrobler.de\",\"https:\/\/www.facebook.com\/niels.grobler\",\"https:\/\/www.instagram.com\/niels_grobler\/\",\"https:\/\/www.linkedin.com\/in\/niels-grobler-2b1b411b4\/\"]}]}<\/script>\n<!-- \/ Yoast SEO plugin. -->","yoast_head_json":{"title":"GROBLER - Energieausweis - Must-Have f\u00fcr Verkauf und der Vermietung.","description":"Der Energieausweis, ein \"Must-Have\", er ist - nach GEG - Pflicht. Lesen Sie hier mehr \u00fcber die Energieausweis-Pflicht und Energieausweise.","robots":{"index":"index","follow":"follow","max-snippet":"max-snippet:-1","max-image-preview":"max-image-preview:large","max-video-preview":"max-video-preview:-1"},"canonical":"https:\/\/nielsgrobler.de\/index.php\/kostenloser-ratgeber-immobilienwissen\/energieausweis\/","og_locale":"de_DE","og_type":"article","og_title":"GROBLER - Energieausweis - Must-Have f\u00fcr Verkauf und der Vermietung.","og_description":"Der Energieausweis, ein \"Must-Have\", er ist - nach GEG - Pflicht. Lesen Sie hier mehr \u00fcber die Energieausweis-Pflicht und Energieausweise.","og_url":"https:\/\/nielsgrobler.de\/index.php\/kostenloser-ratgeber-immobilienwissen\/energieausweis\/","og_site_name":"GROBLER","article_publisher":"https:\/\/www.facebook.com\/niels.grobler","article_modified_time":"2021-03-31T20:02:49+00:00","og_image":[{"url":"https:\/\/nielsgrobler.de\/wp-content\/uploads\/2021\/03\/Energieausweis_bearbeitet-300x162.jpg"}],"twitter_card":"summary_large_image","twitter_misc":{"Gesch\u00e4tzte Lesezeit":"2\u00a0Minuten"},"schema":{"@context":"https:\/\/schema.org","@graph":[{"@type":"WebPage","@id":"https:\/\/nielsgrobler.de\/index.php\/kostenloser-ratgeber-immobilienwissen\/energieausweis\/","url":"https:\/\/nielsgrobler.de\/index.php\/kostenloser-ratgeber-immobilienwissen\/energieausweis\/","name":"GROBLER - Energieausweis - Must-Have f\u00fcr Verkauf und der Vermietung.","isPartOf":{"@id":"https:\/\/nielsgrobler.de\/#website"},"primaryImageOfPage":{"@id":"https:\/\/nielsgrobler.de\/index.php\/kostenloser-ratgeber-immobilienwissen\/energieausweis\/#primaryimage"},"image":{"@id":"https:\/\/nielsgrobler.de\/index.php\/kostenloser-ratgeber-immobilienwissen\/energieausweis\/#primaryimage"},"thumbnailUrl":"https:\/\/nielsgrobler.de\/wp-content\/uploads\/2021\/03\/Energieausweis_bearbeitet-300x162.jpg","datePublished":"2021-03-30T15:08:28+00:00","dateModified":"2021-03-31T20:02:49+00:00","description":"Der Energieausweis, ein \"Must-Have\", er ist - nach GEG - Pflicht. Lesen Sie hier mehr \u00fcber die Energieausweis-Pflicht und Energieausweise.","breadcrumb":{"@id":"https:\/\/nielsgrobler.de\/index.php\/kostenloser-ratgeber-immobilienwissen\/energieausweis\/#breadcrumb"},"inLanguage":"de","potentialAction":[{"@type":"ReadAction","target":["https:\/\/nielsgrobler.de\/index.php\/kostenloser-ratgeber-immobilienwissen\/energieausweis\/"]}]},{"@type":"ImageObject","inLanguage":"de","@id":"https:\/\/nielsgrobler.de\/index.php\/kostenloser-ratgeber-immobilienwissen\/energieausweis\/#primaryimage","url":"https:\/\/nielsgrobler.de\/wp-content\/uploads\/2021\/03\/Energieausweis_bearbeitet.jpg","contentUrl":"https:\/\/nielsgrobler.de\/wp-content\/uploads\/2021\/03\/Energieausweis_bearbeitet.jpg","width":644,"height":348},{"@type":"BreadcrumbList","@id":"https:\/\/nielsgrobler.de\/index.php\/kostenloser-ratgeber-immobilienwissen\/energieausweis\/#breadcrumb","itemListElement":[{"@type":"ListItem","position":1,"name":"Startseite","item":"https:\/\/nielsgrobler.de\/"},{"@type":"ListItem","position":2,"name":"Immobilienratgeber","item":"https:\/\/nielsgrobler.de\/index.php\/kostenloser-ratgeber-immobilienwissen\/"},{"@type":"ListItem","position":3,"name":"Energieausweis"}]},{"@type":"WebSite","@id":"https:\/\/nielsgrobler.de\/#website","url":"https:\/\/nielsgrobler.de\/","name":"GROBLER","description":"Willkommen auf nielsgrobler.de","publisher":{"@id":"https:\/\/nielsgrobler.de\/#\/schema\/person\/b5b55f5c6660ed9489d68b1a61e8b5e3"},"potentialAction":[{"@type":"SearchAction","target":{"@type":"EntryPoint","urlTemplate":"https:\/\/nielsgrobler.de\/?s={search_term_string}"},"query-input":"required name=search_term_string"}],"inLanguage":"de"},{"@type":["Person","Organization"],"@id":"https:\/\/nielsgrobler.de\/#\/schema\/person\/b5b55f5c6660ed9489d68b1a61e8b5e3","name":"Niels Grobler","image":{"@type":"ImageObject","inLanguage":"de","@id":"https:\/\/nielsgrobler.de\/#\/schema\/person\/image\/","url":"https:\/\/nielsgrobler.de\/wp-content\/uploads\/2021\/03\/niels-grobler-foto.1024x1024-gespiegelt.jpg","contentUrl":"https:\/\/nielsgrobler.de\/wp-content\/uploads\/2021\/03\/niels-grobler-foto.1024x1024-gespiegelt.jpg","width":1024,"height":1024,"caption":"Niels Grobler"},"logo":{"@id":"https:\/\/nielsgrobler.de\/#\/schema\/person\/image\/"},"description":"Mensch, Vater, Ehemann, Immobilienvermittler (IHK) - f\u00fcr die Postbank Immobilien GmbH - unser B\u00fcro befindet sich im Sachsentor 24, 21029 Hamburg-Bergedorf. Ich bin Gebietsleiter f\u00fcr Reinbek und Wentorf.","sameAs":["https:\/\/nielsgrobler.de","https:\/\/www.facebook.com\/niels.grobler","https:\/\/www.instagram.com\/niels_grobler\/","https:\/\/www.linkedin.com\/in\/niels-grobler-2b1b411b4\/"]}]}},"_links":{"self":[{"href":"https:\/\/nielsgrobler.de\/index.php\/wp-json\/wp\/v2\/pages\/132"}],"collection":[{"href":"https:\/\/nielsgrobler.de\/index.php\/wp-json\/wp\/v2\/pages"}],"about":[{"href":"https:\/\/nielsgrobler.de\/index.php\/wp-json\/wp\/v2\/types\/page"}],"author":[{"embeddable":true,"href":"https:\/\/nielsgrobler.de\/index.php\/wp-json\/wp\/v2\/users\/1"}],"replies":[{"embeddable":true,"href":"https:\/\/nielsgrobler.de\/index.php\/wp-json\/wp\/v2\/comments?post=132"}],"version-history":[{"count":11,"href":"https:\/\/nielsgrobler.de\/index.php\/wp-json\/wp\/v2\/pages\/132\/revisions"}],"predecessor-version":[{"id":134,"href":"https:\/\/nielsgrobler.de\/index.php\/wp-json\/wp\/v2\/pages\/132\/revisions\/134"}],"up":[{"embeddable":true,"href":"https:\/\/nielsgrobler.de\/index.php\/wp-json\/wp\/v2\/pages\/93"}],"wp:attachment":[{"href":"https:\/\/nielsgrobler.de\/index.php\/wp-json\/wp\/v2\/media?parent=132"}],"curies":[{"name":"wp","href":"https:\/\/api.w.org\/{rel}","templated":true}]}}